{"id":649,"date":"2025-01-31T15:30:02","date_gmt":"2025-01-31T15:30:02","guid":{"rendered":"https:\/\/dev.kinequip.ca\/?post_type=product&#038;p=649"},"modified":"2025-01-31T15:30:07","modified_gmt":"2025-01-31T15:30:07","slug":"multi-adjustable-bench-serie-signature","status":"publish","type":"product","link":"https:\/\/kinequip.ca\/?product=multi-adjustable-bench-serie-signature","title":{"rendered":"Multi-Adjustable Bench S\u00e9rie Signature"},"content":{"rendered":"<p>Le Multi-Adjustable Bench Signature poss\u00e8de un si\u00e8ge et un coussinet pour le dos facilement ajustables, qui cr\u00e9ent sept angles de banc diff\u00e9rents, de 0 \u00e0 70\u00a0degr\u00e9s. Vous pouvez ainsi adapter votre exercice pour cibler des muscles sp\u00e9cifiques. Les bancs et racks haut de gamme S\u00e9rie Signature s&rsquo;int\u00e8grent facilement \u00e0 d&rsquo;autres machines de la ligne, pour compl\u00e9ter une famille de produits de musculation de haute qualit\u00e9.<\/p>\n","protected":false},"excerpt":{"rendered":"<p>Le Multi-Adjustable Bench Signature poss\u00e8de un si\u00e8ge et un coussinet pour le dos facilement ajustables, qui cr\u00e9ent sept angles de banc diff\u00e9rents, de 0 \u00e0 70\u00a0degr\u00e9s. Vous pouvez ainsi adapter votre exercice pour cibler des muscles sp\u00e9cifiques. Les bancs et racks haut de gamme S\u00e9rie Signature s&rsquo;int\u00e8grent facilement \u00e0 d&rsquo;autres machines de la ligne, pour [&hellip;]<\/p>\n","protected":false},"featured_media":679,"comment_status":"open","ping_status":"closed","template":"","meta":[],"product_brand":[],"product_cat":[48,34,56],"product_tag":[],"class_list":{"0":"post-649","1":"product","2":"type-product","3":"status-publish","4":"has-post-thumbnail","6":"product_cat-bancs-support","7":"product_cat-equipements-pour-professionnel","8":"product_cat-signature","10":"first","11":"instock","12":"shipping-taxable","13":"purchasable","14":"product-type-simple"},"_links":{"self":[{"href":"https:\/\/kinequip.ca\/index.php?rest_route=\/wp\/v2\/product\/649","targetHints":{"allow":["GET"]}}],"collection":[{"href":"https:\/\/kinequip.ca\/index.php?rest_route=\/wp\/v2\/product"}],"about":[{"href":"https:\/\/kinequip.ca\/index.php?rest_route=\/wp\/v2\/types\/product"}],"replies":[{"embeddable":true,"href":"https:\/\/kinequip.ca\/index.php?rest_route=%2Fwp%2Fv2%2Fcomments&post=649"}],"wp:featuredmedia":[{"embeddable":true,"href":"https:\/\/kinequip.ca\/index.php?rest_route=\/wp\/v2\/media\/679"}],"wp:attachment":[{"href":"https:\/\/kinequip.ca\/index.php?rest_route=%2Fwp%2Fv2%2Fmedia&parent=649"}],"wp:term":[{"taxonomy":"product_brand","embeddable":true,"href":"https:\/\/kinequip.ca\/index.php?rest_route=%2Fwp%2Fv2%2Fproduct_brand&post=649"},{"taxonomy":"product_cat","embeddable":true,"href":"https:\/\/kinequip.ca\/index.php?rest_route=%2Fwp%2Fv2%2Fproduct_cat&post=649"},{"taxonomy":"product_tag","embeddable":true,"href":"https:\/\/kinequip.ca\/index.php?rest_route=%2Fwp%2Fv2%2Fproduct_tag&post=649"}],"curies":[{"name":"wp","href":"https:\/\/api.w.org\/{rel}","templated":true}]}}