{"id":466,"date":"2025-01-31T15:29:19","date_gmt":"2025-01-31T15:29:19","guid":{"rendered":"https:\/\/dev.kinequip.ca\/?post_type=product&#038;p=466"},"modified":"2025-01-31T15:29:23","modified_gmt":"2025-01-31T15:29:23","slug":"back-extension-select-hammer-strength","status":"publish","type":"product","link":"https:\/\/kinequip.ca\/?product=back-extension-select-hammer-strength","title":{"rendered":"Back Extension Select Hammer Strength"},"content":{"rendered":"<p>Le Back Extension Select Hammer Strength joue un r\u00f4le fondamental dans la progression de l&rsquo;entra\u00eenement musculaire. Le m\u00e9canisme de d\u00e9part, aux cinq\u00a0positions ajustables, s&rsquo;accommode \u00e0 toutes les amplitudes de mouvement\u00a0; l&rsquo;appui pour les lombaires aide chaque utilisateur \u00e0 trouver la bonne position par rapport \u00e0 l&rsquo;axe de rotation, et les deux plaques d&rsquo;appui antid\u00e9rapantes s&rsquo;adaptent \u00e0 toutes les tailles. Les 22\u00a0pi\u00e8ces de la gamme Hammer Strength Select offrent une introduction attrayante \u00e0 l&rsquo;\u00e9quipement Hammer Strength.<\/p>\n","protected":false},"excerpt":{"rendered":"<p>Le Back Extension Select Hammer Strength joue un r\u00f4le fondamental dans la progression de l&rsquo;entra\u00eenement musculaire. Le m\u00e9canisme de d\u00e9part, aux cinq\u00a0positions ajustables, s&rsquo;accommode \u00e0 toutes les amplitudes de mouvement\u00a0; l&rsquo;appui pour les lombaires aide chaque utilisateur \u00e0 trouver la bonne position par rapport \u00e0 l&rsquo;axe de rotation, et les deux plaques d&rsquo;appui antid\u00e9rapantes s&rsquo;adaptent [&hellip;]<\/p>\n","protected":false},"featured_media":496,"comment_status":"open","ping_status":"closed","template":"","meta":[],"product_brand":[],"product_cat":[34,51,46],"product_tag":[],"class_list":{"0":"post-466","1":"product","2":"type-product","3":"status-publish","4":"has-post-thumbnail","6":"product_cat-equipements-pour-professionnel","7":"product_cat-hammer-select","8":"product_cat-hammer-strength-equipements-pour-professionnel","10":"first","11":"instock","12":"shipping-taxable","13":"purchasable","14":"product-type-simple"},"_links":{"self":[{"href":"https:\/\/kinequip.ca\/index.php?rest_route=\/wp\/v2\/product\/466","targetHints":{"allow":["GET"]}}],"collection":[{"href":"https:\/\/kinequip.ca\/index.php?rest_route=\/wp\/v2\/product"}],"about":[{"href":"https:\/\/kinequip.ca\/index.php?rest_route=\/wp\/v2\/types\/product"}],"replies":[{"embeddable":true,"href":"https:\/\/kinequip.ca\/index.php?rest_route=%2Fwp%2Fv2%2Fcomments&post=466"}],"wp:featuredmedia":[{"embeddable":true,"href":"https:\/\/kinequip.ca\/index.php?rest_route=\/wp\/v2\/media\/496"}],"wp:attachment":[{"href":"https:\/\/kinequip.ca\/index.php?rest_route=%2Fwp%2Fv2%2Fmedia&parent=466"}],"wp:term":[{"taxonomy":"product_brand","embeddable":true,"href":"https:\/\/kinequip.ca\/index.php?rest_route=%2Fwp%2Fv2%2Fproduct_brand&post=466"},{"taxonomy":"product_cat","embeddable":true,"href":"https:\/\/kinequip.ca\/index.php?rest_route=%2Fwp%2Fv2%2Fproduct_cat&post=466"},{"taxonomy":"product_tag","embeddable":true,"href":"https:\/\/kinequip.ca\/index.php?rest_route=%2Fwp%2Fv2%2Fproduct_tag&post=466"}],"curies":[{"name":"wp","href":"https:\/\/api.w.org\/{rel}","templated":true}]}}