{"id":411,"date":"2025-01-31T15:29:02","date_gmt":"2025-01-31T15:29:02","guid":{"rendered":"https:\/\/dev.kinequip.ca\/?post_type=product&#038;p=411"},"modified":"2025-01-31T15:29:10","modified_gmt":"2025-01-31T15:29:10","slug":"tapis-de-course-serie-integrity","status":"publish","type":"product","link":"https:\/\/kinequip.ca\/?product=tapis-de-course-serie-integrity","title":{"rendered":"Tapis de course S\u00e9rie Integrity"},"content":{"rendered":"<p>Le tapis de course S\u00e9rie\u00a0Integrity s&rsquo;inscrit dans la tradition des \u00e9quipements fiables et infatigables de Life\u00a0Fitness en proposant trois\u00a0options diff\u00e9rentes. Les diff\u00e9rents choix de consoles permettent aux clubs de fitness d&rsquo;opter pour l&rsquo;exp\u00e9rience qui plaira le plus \u00e0 leurs utilisateurs. Chaque tapis de course dispose d&rsquo;une connexion Internet sans fil qui vous permet de contr\u00f4ler r\u00e9guli\u00e8rement les donn\u00e9es pr\u00e9cieuses concernant le mat\u00e9riel. Les tapis de course S\u00e9rie\u00a0Integrity conviennent parfaitement \u00e0 tous les utilisateurs qui veulent allier un design soign\u00e9 \u00e0 encore plus d&rsquo;entra\u00eenements gr\u00e2ce \u00e0 une console intuitive, mais aussi \u00e0 tous ceux qui veulent juste d\u00e9marrer leur s\u00e9ance sans plus attendre.<\/p>\n","protected":false},"excerpt":{"rendered":"<p>Le tapis de course S\u00e9rie\u00a0Integrity s&rsquo;inscrit dans la tradition des \u00e9quipements fiables et infatigables de Life\u00a0Fitness en proposant trois\u00a0options diff\u00e9rentes. Les diff\u00e9rents choix de consoles permettent aux clubs de fitness d&rsquo;opter pour l&rsquo;exp\u00e9rience qui plaira le plus \u00e0 leurs utilisateurs. Chaque tapis de course dispose d&rsquo;une connexion Internet sans fil qui vous permet de contr\u00f4ler [&hellip;]<\/p>\n","protected":false},"featured_media":440,"comment_status":"open","ping_status":"closed","template":"","meta":[],"product_brand":[],"product_cat":[34,36],"product_tag":[],"class_list":{"0":"post-411","1":"product","2":"type-product","3":"status-publish","4":"has-post-thumbnail","6":"product_cat-equipements-pour-professionnel","7":"product_cat-tapis-roulant-life-fitness-cardio","9":"first","10":"instock","11":"shipping-taxable","12":"purchasable","13":"product-type-simple"},"_links":{"self":[{"href":"https:\/\/kinequip.ca\/index.php?rest_route=\/wp\/v2\/product\/411","targetHints":{"allow":["GET"]}}],"collection":[{"href":"https:\/\/kinequip.ca\/index.php?rest_route=\/wp\/v2\/product"}],"about":[{"href":"https:\/\/kinequip.ca\/index.php?rest_route=\/wp\/v2\/types\/product"}],"replies":[{"embeddable":true,"href":"https:\/\/kinequip.ca\/index.php?rest_route=%2Fwp%2Fv2%2Fcomments&post=411"}],"wp:featuredmedia":[{"embeddable":true,"href":"https:\/\/kinequip.ca\/index.php?rest_route=\/wp\/v2\/media\/440"}],"wp:attachment":[{"href":"https:\/\/kinequip.ca\/index.php?rest_route=%2Fwp%2Fv2%2Fmedia&parent=411"}],"wp:term":[{"taxonomy":"product_brand","embeddable":true,"href":"https:\/\/kinequip.ca\/index.php?rest_route=%2Fwp%2Fv2%2Fproduct_brand&post=411"},{"taxonomy":"product_cat","embeddable":true,"href":"https:\/\/kinequip.ca\/index.php?rest_route=%2Fwp%2Fv2%2Fproduct_cat&post=411"},{"taxonomy":"product_tag","embeddable":true,"href":"https:\/\/kinequip.ca\/index.php?rest_route=%2Fwp%2Fv2%2Fproduct_tag&post=411"}],"curies":[{"name":"wp","href":"https:\/\/api.w.org\/{rel}","templated":true}]}}