{"id":410,"date":"2025-01-31T15:29:02","date_gmt":"2025-01-31T15:29:02","guid":{"rendered":"https:\/\/dev.kinequip.ca\/?post_type=product&#038;p=410"},"modified":"2025-01-31T15:29:10","modified_gmt":"2025-01-31T15:29:10","slug":"tapis-de-course-serie-elevation","status":"publish","type":"product","link":"https:\/\/kinequip.ca\/?product=tapis-de-course-serie-elevation","title":{"rendered":"Tapis de course S\u00e9rie Elevation"},"content":{"rendered":"<div class=\"page\" title=\"Page 1\">\n<div class=\"section\">\n<div class=\"layoutArea\">\n<div class=\"column\">\n<p>\u00c9QUIPEMENT CARDIO PREMIUM INSPIRANT<\/p>\n<p>Le tapis de course S\u00e9rie Elevation premium allie le confort de la technologie FlexDeck \u00e0 l&rsquo;engagement renforc\u00e9 des utilisateurs. Les diff\u00e9rents choix de consoles intuitives offrent divertissements, suivi des exercices et informations d\u00e9taill\u00e9es sur l&rsquo;utilisation du produit.<\/p>\n<\/div>\n<\/div>\n<\/div>\n<\/div>\n","protected":false},"excerpt":{"rendered":"<p>\u00c9QUIPEMENT CARDIO PREMIUM INSPIRANT Le tapis de course S\u00e9rie Elevation premium allie le confort de la technologie FlexDeck \u00e0 l&rsquo;engagement renforc\u00e9 des utilisateurs. Les diff\u00e9rents choix de consoles intuitives offrent divertissements, suivi des exercices et informations d\u00e9taill\u00e9es sur l&rsquo;utilisation du produit.<\/p>\n","protected":false},"featured_media":439,"comment_status":"open","ping_status":"closed","template":"","meta":[],"product_brand":[],"product_cat":[34,36],"product_tag":[],"class_list":{"0":"post-410","1":"product","2":"type-product","3":"status-publish","4":"has-post-thumbnail","6":"product_cat-equipements-pour-professionnel","7":"product_cat-tapis-roulant-life-fitness-cardio","9":"first","10":"instock","11":"shipping-taxable","12":"purchasable","13":"product-type-simple"},"_links":{"self":[{"href":"https:\/\/kinequip.ca\/index.php?rest_route=\/wp\/v2\/product\/410","targetHints":{"allow":["GET"]}}],"collection":[{"href":"https:\/\/kinequip.ca\/index.php?rest_route=\/wp\/v2\/product"}],"about":[{"href":"https:\/\/kinequip.ca\/index.php?rest_route=\/wp\/v2\/types\/product"}],"replies":[{"embeddable":true,"href":"https:\/\/kinequip.ca\/index.php?rest_route=%2Fwp%2Fv2%2Fcomments&post=410"}],"wp:featuredmedia":[{"embeddable":true,"href":"https:\/\/kinequip.ca\/index.php?rest_route=\/wp\/v2\/media\/439"}],"wp:attachment":[{"href":"https:\/\/kinequip.ca\/index.php?rest_route=%2Fwp%2Fv2%2Fmedia&parent=410"}],"wp:term":[{"taxonomy":"product_brand","embeddable":true,"href":"https:\/\/kinequip.ca\/index.php?rest_route=%2Fwp%2Fv2%2Fproduct_brand&post=410"},{"taxonomy":"product_cat","embeddable":true,"href":"https:\/\/kinequip.ca\/index.php?rest_route=%2Fwp%2Fv2%2Fproduct_cat&post=410"},{"taxonomy":"product_tag","embeddable":true,"href":"https:\/\/kinequip.ca\/index.php?rest_route=%2Fwp%2Fv2%2Fproduct_tag&post=410"}],"curies":[{"name":"wp","href":"https:\/\/api.w.org\/{rel}","templated":true}]}}