{"id":406,"date":"2025-01-31T15:29:02","date_gmt":"2025-01-31T15:29:02","guid":{"rendered":"https:\/\/dev.kinequip.ca\/?post_type=product&#038;p=406"},"modified":"2025-01-31T15:29:07","modified_gmt":"2025-01-31T15:29:07","slug":"television-superposee","status":"publish","type":"product","link":"https:\/\/kinequip.ca\/?product=television-superposee","title":{"rendered":"T\u00e9l\u00e9vision Superpos\u00e9e"},"content":{"rendered":"<div class=\"entity entity-paragraphs-item paragraphs-item-cta paragraph-type cta right horizontal col--full bigger-content\">\n<div class=\"cta-inner-wrapper\">\n<div class=\"center-text\">\n<div class=\"content-container with-image\">\n<div class=\"field field-name-field-cta-body field-type-text-with-summary field-label-hidden\">\n<div class=\"field-items\">\n<div class=\"field-item even\">\n<h5>\u00c9CRAN AU RENDU NET ET D\u00c9TAILL\u00c9<\/h5>\n<p>L&rsquo;\u00e9cran HD 1080p de 15&Prime; inclut un rev\u00eatement anti-reflets.<\/p>\n<h5>FACILIT\u00c9 D&rsquo;ENTRA\u00ceNEMENT<\/h5>\n<p>Les boutons de r\u00e9glage de la t\u00e9l\u00e9vision int\u00e9gr\u00e9e permettent d&rsquo;acc\u00e9der \u00e0 1000 cha\u00eenes disponibles.<\/p>\n<h5>ANGLE DE VUE OPTIMAL<\/h5>\n<p>La conception ergonomique optimise l\u2019angle de vue et r\u00e9duit les reflets pour les utilisateurs de toutes tailles.<\/p>\n<h5>DURABILIT\u00c9 \u00c0 TOUTE \u00c9PREUVE<\/h5>\n<p>Un panneau de protection acrylique et le joint anti-humidit\u00e9 am\u00e9liorent la dur\u00e9e de vie de la t\u00e9l\u00e9vision.<\/p>\n<\/div>\n<\/div>\n<\/div>\n<\/div>\n<\/div>\n<\/div>\n<\/div>\n<div class=\"entity entity-paragraphs-item paragraphs-item-cta paragraph-type cta center horizontal col--full no-image image-mode-default image-align-h-center image-align-v-top\">\n<div class=\"cta-inner-wrapper\">\n<div class=\"center-text\">\n<div class=\"content-container\">\n<div class=\"field field-name-field-cta-body field-type-text-with-summary field-label-hidden\">\n<div class=\"field-items\"><\/div>\n<\/div>\n<\/div>\n<\/div>\n<\/div>\n<\/div>\n","protected":false},"excerpt":{"rendered":"<p>\u00c9CRAN AU RENDU NET ET D\u00c9TAILL\u00c9 L&rsquo;\u00e9cran HD 1080p de 15&Prime; inclut un rev\u00eatement anti-reflets. FACILIT\u00c9 D&rsquo;ENTRA\u00ceNEMENT Les boutons de r\u00e9glage de la t\u00e9l\u00e9vision int\u00e9gr\u00e9e permettent d&rsquo;acc\u00e9der \u00e0 1000 cha\u00eenes disponibles. ANGLE DE VUE OPTIMAL La conception ergonomique optimise l\u2019angle de vue et r\u00e9duit les reflets pour les utilisateurs de toutes tailles. DURABILIT\u00c9 \u00c0 TOUTE [&hellip;]<\/p>\n","protected":false},"featured_media":436,"comment_status":"open","ping_status":"closed","template":"","meta":[],"product_brand":[],"product_cat":[27,50,34],"product_tag":[],"class_list":{"0":"post-406","1":"product","2":"type-product","3":"status-publish","4":"has-post-thumbnail","6":"product_cat-cardio","7":"product_cat-digital","8":"product_cat-equipements-pour-professionnel","10":"first","11":"instock","12":"shipping-taxable","13":"purchasable","14":"product-type-simple"},"_links":{"self":[{"href":"https:\/\/kinequip.ca\/index.php?rest_route=\/wp\/v2\/product\/406","targetHints":{"allow":["GET"]}}],"collection":[{"href":"https:\/\/kinequip.ca\/index.php?rest_route=\/wp\/v2\/product"}],"about":[{"href":"https:\/\/kinequip.ca\/index.php?rest_route=\/wp\/v2\/types\/product"}],"replies":[{"embeddable":true,"href":"https:\/\/kinequip.ca\/index.php?rest_route=%2Fwp%2Fv2%2Fcomments&post=406"}],"wp:featuredmedia":[{"embeddable":true,"href":"https:\/\/kinequip.ca\/index.php?rest_route=\/wp\/v2\/media\/436"}],"wp:attachment":[{"href":"https:\/\/kinequip.ca\/index.php?rest_route=%2Fwp%2Fv2%2Fmedia&parent=406"}],"wp:term":[{"taxonomy":"product_brand","embeddable":true,"href":"https:\/\/kinequip.ca\/index.php?rest_route=%2Fwp%2Fv2%2Fproduct_brand&post=406"},{"taxonomy":"product_cat","embeddable":true,"href":"https:\/\/kinequip.ca\/index.php?rest_route=%2Fwp%2Fv2%2Fproduct_cat&post=406"},{"taxonomy":"product_tag","embeddable":true,"href":"https:\/\/kinequip.ca\/index.php?rest_route=%2Fwp%2Fv2%2Fproduct_tag&post=406"}],"curies":[{"name":"wp","href":"https:\/\/api.w.org\/{rel}","templated":true}]}}