{"id":370,"date":"2025-01-31T15:28:54","date_gmt":"2025-01-31T15:28:54","guid":{"rendered":"https:\/\/dev.kinequip.ca\/?post_type=product&#038;p=370"},"modified":"2025-01-31T15:29:00","modified_gmt":"2025-01-31T15:29:00","slug":"plyo-box-souples-3-en-1-life-fitness","status":"publish","type":"product","link":"https:\/\/kinequip.ca\/?product=plyo-box-souples-3-en-1-life-fitness","title":{"rendered":"PLYO BOX SOUPLES 3-EN-1 LIFE FITNESS"},"content":{"rendered":"<p>Les multi-plyo\u00a0box souples Life\u00a0Fitness sont disponibles en plusieurs hauteurs (40, 50 et 56\u00a0cm) pour accompagner les sportifs dans la r\u00e9alisation de nouveaux objectifs. Les sportifs, d\u00e9butants ou aguerris, peuvent utiliser les plyo\u00a0box Life\u00a0Fitness pour effectuer des sauts, des squats, des fentes squats et des pompes avec pieds ou mains sur\u00e9lev\u00e9s, sans craindre les ar\u00eates tranchantes ou les hauteurs intimidantes.<\/p>\n","protected":false},"excerpt":{"rendered":"<p>Les multi-plyo\u00a0box souples Life\u00a0Fitness sont disponibles en plusieurs hauteurs (40, 50 et 56\u00a0cm) pour accompagner les sportifs dans la r\u00e9alisation de nouveaux objectifs. Les sportifs, d\u00e9butants ou aguerris, peuvent utiliser les plyo\u00a0box Life\u00a0Fitness pour effectuer des sauts, des squats, des fentes squats et des pompes avec pieds ou mains sur\u00e9lev\u00e9s, sans craindre les ar\u00eates tranchantes ou les hauteurs intimidantes.<\/p>\n","protected":false},"featured_media":400,"comment_status":"open","ping_status":"closed","template":"","meta":[],"product_brand":[],"product_cat":[49,34],"product_tag":[],"class_list":{"0":"post-370","1":"product","2":"type-product","3":"status-publish","4":"has-post-thumbnail","6":"product_cat-accessoires","7":"product_cat-equipements-pour-professionnel","9":"first","10":"instock","11":"shipping-taxable","12":"purchasable","13":"product-type-simple"},"_links":{"self":[{"href":"https:\/\/kinequip.ca\/index.php?rest_route=\/wp\/v2\/product\/370","targetHints":{"allow":["GET"]}}],"collection":[{"href":"https:\/\/kinequip.ca\/index.php?rest_route=\/wp\/v2\/product"}],"about":[{"href":"https:\/\/kinequip.ca\/index.php?rest_route=\/wp\/v2\/types\/product"}],"replies":[{"embeddable":true,"href":"https:\/\/kinequip.ca\/index.php?rest_route=%2Fwp%2Fv2%2Fcomments&post=370"}],"wp:featuredmedia":[{"embeddable":true,"href":"https:\/\/kinequip.ca\/index.php?rest_route=\/wp\/v2\/media\/400"}],"wp:attachment":[{"href":"https:\/\/kinequip.ca\/index.php?rest_route=%2Fwp%2Fv2%2Fmedia&parent=370"}],"wp:term":[{"taxonomy":"product_brand","embeddable":true,"href":"https:\/\/kinequip.ca\/index.php?rest_route=%2Fwp%2Fv2%2Fproduct_brand&post=370"},{"taxonomy":"product_cat","embeddable":true,"href":"https:\/\/kinequip.ca\/index.php?rest_route=%2Fwp%2Fv2%2Fproduct_cat&post=370"},{"taxonomy":"product_tag","embeddable":true,"href":"https:\/\/kinequip.ca\/index.php?rest_route=%2Fwp%2Fv2%2Fproduct_tag&post=370"}],"curies":[{"name":"wp","href":"https:\/\/api.w.org\/{rel}","templated":true}]}}