{"id":369,"date":"2025-01-31T15:28:54","date_gmt":"2025-01-31T15:28:54","guid":{"rendered":"https:\/\/dev.kinequip.ca\/?post_type=product&#038;p=369"},"modified":"2025-01-31T15:28:59","modified_gmt":"2025-01-31T15:28:59","slug":"obstacles","status":"publish","type":"product","link":"https:\/\/kinequip.ca\/?product=obstacles","title":{"rendered":"OBSTACLES"},"content":{"rendered":"<p>Les obstacles r\u00e9glables permettent aux sportifs de s&rsquo;entra\u00eener progressivement. Aucun assemblage n&rsquo;est requis. Il suffit de tourner les barres lat\u00e9rales r\u00e9glables pour changer la hauteur.<\/p>\n<p>Ces obstacles faciles \u00e0 utiliser conviennent \u00e0 tous les types de sportifs, qu&rsquo;ils soient d\u00e9butants ou aguerris.<\/p>\n","protected":false},"excerpt":{"rendered":"<p>Les obstacles r\u00e9glables permettent aux sportifs de s&rsquo;entra\u00eener progressivement. Aucun assemblage n&rsquo;est requis. Il suffit de tourner les barres lat\u00e9rales r\u00e9glables pour changer la hauteur.<\/p>\n<p>Ces obstacles faciles \u00e0 utiliser conviennent \u00e0 tous les types de sportifs, qu&rsquo;ils soient d\u00e9butants ou aguerris.<\/p>\n","protected":false},"featured_media":399,"comment_status":"open","ping_status":"closed","template":"","meta":[],"product_brand":[],"product_cat":[49,34],"product_tag":[],"class_list":{"0":"post-369","1":"product","2":"type-product","3":"status-publish","4":"has-post-thumbnail","6":"product_cat-accessoires","7":"product_cat-equipements-pour-professionnel","9":"first","10":"instock","11":"shipping-taxable","12":"purchasable","13":"product-type-simple"},"_links":{"self":[{"href":"https:\/\/kinequip.ca\/index.php?rest_route=\/wp\/v2\/product\/369","targetHints":{"allow":["GET"]}}],"collection":[{"href":"https:\/\/kinequip.ca\/index.php?rest_route=\/wp\/v2\/product"}],"about":[{"href":"https:\/\/kinequip.ca\/index.php?rest_route=\/wp\/v2\/types\/product"}],"replies":[{"embeddable":true,"href":"https:\/\/kinequip.ca\/index.php?rest_route=%2Fwp%2Fv2%2Fcomments&post=369"}],"wp:featuredmedia":[{"embeddable":true,"href":"https:\/\/kinequip.ca\/index.php?rest_route=\/wp\/v2\/media\/399"}],"wp:attachment":[{"href":"https:\/\/kinequip.ca\/index.php?rest_route=%2Fwp%2Fv2%2Fmedia&parent=369"}],"wp:term":[{"taxonomy":"product_brand","embeddable":true,"href":"https:\/\/kinequip.ca\/index.php?rest_route=%2Fwp%2Fv2%2Fproduct_brand&post=369"},{"taxonomy":"product_cat","embeddable":true,"href":"https:\/\/kinequip.ca\/index.php?rest_route=%2Fwp%2Fv2%2Fproduct_cat&post=369"},{"taxonomy":"product_tag","embeddable":true,"href":"https:\/\/kinequip.ca\/index.php?rest_route=%2Fwp%2Fv2%2Fproduct_tag&post=369"}],"curies":[{"name":"wp","href":"https:\/\/api.w.org\/{rel}","templated":true}]}}