{"id":360,"date":"2025-01-31T15:28:53","date_gmt":"2025-01-31T15:28:53","guid":{"rendered":"https:\/\/dev.kinequip.ca\/?post_type=product&#038;p=360"},"modified":"2025-01-31T15:28:57","modified_gmt":"2025-01-31T15:28:57","slug":"ballon-de-gym","status":"publish","type":"product","link":"https:\/\/kinequip.ca\/?product=ballon-de-gym","title":{"rendered":"BALLON DE GYM"},"content":{"rendered":"<p>Le ballon de gym est un outil d&rsquo;entra\u00eenement durable et fonctionnel, qui permet aux sportifs d&rsquo;effectuer des entra\u00eenements de r\u00e9sistance au poids de base ou intensifs. L&rsquo;enveloppe en caoutchouc \u00e9pais du ballon de gym est renforc\u00e9e sur les c\u00f4t\u00e9s, ce qui permet de l&rsquo;utiliser dans de multiples configurations d&rsquo;exercice en toute confiance, gr\u00e2ce \u00e0 sa r\u00e9sistance au d\u00e9chirement ou \u00e0 l&rsquo;\u00e9clatement.<\/p>\n","protected":false},"excerpt":{"rendered":"<p>Le ballon de gym est un outil d&rsquo;entra\u00eenement durable et fonctionnel, qui permet aux sportifs d&rsquo;effectuer des entra\u00eenements de r\u00e9sistance au poids de base ou intensifs. L&rsquo;enveloppe en caoutchouc \u00e9pais du ballon de gym est renforc\u00e9e sur les c\u00f4t\u00e9s, ce qui permet de l&rsquo;utiliser dans de multiples configurations d&rsquo;exercice en toute confiance, gr\u00e2ce \u00e0 sa r\u00e9sistance au d\u00e9chirement ou \u00e0 l&rsquo;\u00e9clatement.<\/p>\n","protected":false},"featured_media":390,"comment_status":"open","ping_status":"closed","template":"","meta":[],"product_brand":[],"product_cat":[49,34],"product_tag":[],"class_list":{"0":"post-360","1":"product","2":"type-product","3":"status-publish","4":"has-post-thumbnail","6":"product_cat-accessoires","7":"product_cat-equipements-pour-professionnel","9":"first","10":"instock","11":"shipping-taxable","12":"purchasable","13":"product-type-simple"},"_links":{"self":[{"href":"https:\/\/kinequip.ca\/index.php?rest_route=\/wp\/v2\/product\/360","targetHints":{"allow":["GET"]}}],"collection":[{"href":"https:\/\/kinequip.ca\/index.php?rest_route=\/wp\/v2\/product"}],"about":[{"href":"https:\/\/kinequip.ca\/index.php?rest_route=\/wp\/v2\/types\/product"}],"replies":[{"embeddable":true,"href":"https:\/\/kinequip.ca\/index.php?rest_route=%2Fwp%2Fv2%2Fcomments&post=360"}],"wp:featuredmedia":[{"embeddable":true,"href":"https:\/\/kinequip.ca\/index.php?rest_route=\/wp\/v2\/media\/390"}],"wp:attachment":[{"href":"https:\/\/kinequip.ca\/index.php?rest_route=%2Fwp%2Fv2%2Fmedia&parent=360"}],"wp:term":[{"taxonomy":"product_brand","embeddable":true,"href":"https:\/\/kinequip.ca\/index.php?rest_route=%2Fwp%2Fv2%2Fproduct_brand&post=360"},{"taxonomy":"product_cat","embeddable":true,"href":"https:\/\/kinequip.ca\/index.php?rest_route=%2Fwp%2Fv2%2Fproduct_cat&post=360"},{"taxonomy":"product_tag","embeddable":true,"href":"https:\/\/kinequip.ca\/index.php?rest_route=%2Fwp%2Fv2%2Fproduct_tag&post=360"}],"curies":[{"name":"wp","href":"https:\/\/api.w.org\/{rel}","templated":true}]}}