{"id":254,"date":"2025-01-31T15:28:36","date_gmt":"2025-01-31T15:28:36","guid":{"rendered":"https:\/\/dev.kinequip.ca\/?post_type=product&#038;p=254"},"modified":"2025-01-31T15:28:43","modified_gmt":"2025-01-31T15:28:43","slug":"elliptique-serie-integrity","status":"publish","type":"product","link":"https:\/\/kinequip.ca\/?product=elliptique-serie-integrity","title":{"rendered":"Elliptique S\u00e9rie Integrity"},"content":{"rendered":"<p>L&rsquo;elliptique S\u00e9rie Integrity est une version \u00e9volu\u00e9e du mod\u00e8le infatigable et fiable de Life Fitness qui propose trois options diff\u00e9rentes. Les diff\u00e9rents choix de consoles permettent aux clubs de fitness d&rsquo;opter pour l&rsquo;exp\u00e9rience qui plaira le plus \u00e0 leurs utilisateurs. Chaque elliptique dispose d&rsquo;une connexion Internet sans fil qui permet de contr\u00f4ler r\u00e9guli\u00e8rement les donn\u00e9es pr\u00e9cieuses concernant le mat\u00e9riel. Les elliptiques S\u00e9rie Integrity ne laisseront pas les utilisateurs insensibles aux charmes de leur design soign\u00e9 et de leur console intuitive qui propose des entra\u00eenements additionnels. Ils raviront \u00e9galement ceux qui veulent juste d\u00e9marrer leur s\u00e9ance sans plus attendre.<\/p>\n","protected":false},"excerpt":{"rendered":"<p>L&rsquo;elliptique S\u00e9rie\u00a0Integrity est une version \u00e9volu\u00e9e du mod\u00e8le infatigable et fiable de Life\u00a0Fitness qui propose trois options diff\u00e9rentes. Les diff\u00e9rents choix de consoles permettent aux clubs de fitness d&rsquo;opter pour l&rsquo;exp\u00e9rience qui plaira le plus \u00e0 leurs utilisateurs. Chaque elliptique dispose d&rsquo;une connexion Internet sans fil qui permet de contr\u00f4ler r\u00e9guli\u00e8rement les donn\u00e9es pr\u00e9cieuses concernant le mat\u00e9riel. Les elliptiques S\u00e9rie\u00a0Integrity ne laisseront pas les utilisateurs insensibles aux charmes de leur design soign\u00e9 et de leur console intuitive qui propose des entra\u00eenements additionnels. Ils raviront \u00e9galement ceux qui veulent juste d\u00e9marrer leur s\u00e9ance sans plus attendre.<\/p>\n<h5>FONCTIONNALIT\u00c9S CL\u00c9S\u00a0:<\/h5>\n<h4>FOUL\u00c9E NATURELLE<\/h4>\n<p>La foul\u00e9e de 51\u00a0cm se d\u00e9ploie en un mouvement doux et fluide, fruit de plusieurs ann\u00e9es de recherche. Le vaste espace r\u00e9serv\u00e9 aux genoux garantit une utilisation confortable aux utilisateurs de grande taille.<\/p>\n<h4>POIGN\u00c9ES \u00c0 PRISES ERGONOMIQUES<\/h4>\n<p>Les poign\u00e9es mobiles sont confortables et assurent un suivi facile du rythme cardiaque.<\/p>\n<h4>P\u00c9DALES ANTID\u00c9RAPANTES GRAND FORMAT<\/h4>\n<p>Les p\u00e9dales grand format de 38\u00a0cm offrent \u00e0 l&rsquo;utilisateur de multiples possibilit\u00e9s de positionnement des pieds. La surface antid\u00e9rapante des p\u00e9dales se nettoie facilement.<\/p>\n","protected":false},"featured_media":284,"comment_status":"open","ping_status":"closed","template":"","meta":[],"product_brand":[],"product_cat":[29],"product_tag":[],"class_list":{"0":"post-254","1":"product","2":"type-product","3":"status-publish","4":"has-post-thumbnail","6":"product_cat-elliptiques","8":"first","9":"instock","10":"shipping-taxable","11":"purchasable","12":"product-type-simple"},"_links":{"self":[{"href":"https:\/\/kinequip.ca\/index.php?rest_route=\/wp\/v2\/product\/254","targetHints":{"allow":["GET"]}}],"collection":[{"href":"https:\/\/kinequip.ca\/index.php?rest_route=\/wp\/v2\/product"}],"about":[{"href":"https:\/\/kinequip.ca\/index.php?rest_route=\/wp\/v2\/types\/product"}],"replies":[{"embeddable":true,"href":"https:\/\/kinequip.ca\/index.php?rest_route=%2Fwp%2Fv2%2Fcomments&post=254"}],"wp:featuredmedia":[{"embeddable":true,"href":"https:\/\/kinequip.ca\/index.php?rest_route=\/wp\/v2\/media\/284"}],"wp:attachment":[{"href":"https:\/\/kinequip.ca\/index.php?rest_route=%2Fwp%2Fv2%2Fmedia&parent=254"}],"wp:term":[{"taxonomy":"product_brand","embeddable":true,"href":"https:\/\/kinequip.ca\/index.php?rest_route=%2Fwp%2Fv2%2Fproduct_brand&post=254"},{"taxonomy":"product_cat","embeddable":true,"href":"https:\/\/kinequip.ca\/index.php?rest_route=%2Fwp%2Fv2%2Fproduct_cat&post=254"},{"taxonomy":"product_tag","embeddable":true,"href":"https:\/\/kinequip.ca\/index.php?rest_route=%2Fwp%2Fv2%2Fproduct_tag&post=254"}],"curies":[{"name":"wp","href":"https:\/\/api.w.org\/{rel}","templated":true}]}}