{"id":247,"date":"2025-01-31T15:28:36","date_gmt":"2025-01-31T15:28:36","guid":{"rendered":"https:\/\/dev.kinequip.ca\/?post_type=product&#038;p=247"},"modified":"2025-01-31T15:28:41","modified_gmt":"2025-01-31T15:28:41","slug":"g3-home-gym","status":"publish","type":"product","link":"https:\/\/kinequip.ca\/?product=g3-home-gym","title":{"rendered":"G3 Home Gym"},"content":{"rendered":"<p>Le G3 Home Gym, tr\u00e8s polyvalent, utilise le Cable Motion pour offrir une plage de mouvement sans restriction. Le G3 constitue un moyen efficace et simple d&rsquo;utilisation de cr\u00e9er de l&rsquo;\u00e9quilibre et de la stabilit\u00e9 pour plusieurs groupes de muscles, et permet d&rsquo;am\u00e9liorer vos activit\u00e9s quotidiennes, qu&rsquo;il s&rsquo;agisse de votre travail ou d&rsquo;un loisir. C&rsquo;est une option compacte et durable d&rsquo;entra\u00eenement de renforcement \u00e0 domicile.<\/p>\n","protected":false},"excerpt":{"rendered":"<p>Le G3 Home Gym, tr\u00e8s polyvalent, utilise le Cable Motion pour offrir une plage de mouvement sans restriction. Le G3 constitue un moyen efficace et simple d&rsquo;utilisation de cr\u00e9er de l&rsquo;\u00e9quilibre et de la stabilit\u00e9 pour plusieurs groupes de muscles, et permet d&rsquo;am\u00e9liorer vos activit\u00e9s quotidiennes, qu&rsquo;il s&rsquo;agisse de votre travail ou d&rsquo;un loisir. C&rsquo;est une option compacte et durable d&rsquo;entra\u00eenement de renforcement \u00e0 domicile.<\/p>\n","protected":false},"featured_media":277,"comment_status":"open","ping_status":"closed","template":"","meta":[],"product_brand":[],"product_cat":[33],"product_tag":[],"class_list":{"0":"post-247","1":"product","2":"type-product","3":"status-publish","4":"has-post-thumbnail","6":"product_cat-musculation","8":"first","9":"instock","10":"shipping-taxable","11":"purchasable","12":"product-type-simple"},"_links":{"self":[{"href":"https:\/\/kinequip.ca\/index.php?rest_route=\/wp\/v2\/product\/247","targetHints":{"allow":["GET"]}}],"collection":[{"href":"https:\/\/kinequip.ca\/index.php?rest_route=\/wp\/v2\/product"}],"about":[{"href":"https:\/\/kinequip.ca\/index.php?rest_route=\/wp\/v2\/types\/product"}],"replies":[{"embeddable":true,"href":"https:\/\/kinequip.ca\/index.php?rest_route=%2Fwp%2Fv2%2Fcomments&post=247"}],"wp:featuredmedia":[{"embeddable":true,"href":"https:\/\/kinequip.ca\/index.php?rest_route=\/wp\/v2\/media\/277"}],"wp:attachment":[{"href":"https:\/\/kinequip.ca\/index.php?rest_route=%2Fwp%2Fv2%2Fmedia&parent=247"}],"wp:term":[{"taxonomy":"product_brand","embeddable":true,"href":"https:\/\/kinequip.ca\/index.php?rest_route=%2Fwp%2Fv2%2Fproduct_brand&post=247"},{"taxonomy":"product_cat","embeddable":true,"href":"https:\/\/kinequip.ca\/index.php?rest_route=%2Fwp%2Fv2%2Fproduct_cat&post=247"},{"taxonomy":"product_tag","embeddable":true,"href":"https:\/\/kinequip.ca\/index.php?rest_route=%2Fwp%2Fv2%2Fproduct_tag&post=247"}],"curies":[{"name":"wp","href":"https:\/\/api.w.org\/{rel}","templated":true}]}}