{"id":236,"date":"2025-01-31T15:28:34","date_gmt":"2025-01-31T15:28:34","guid":{"rendered":"https:\/\/dev.kinequip.ca\/?post_type=product&#038;p=236"},"modified":"2025-01-31T15:28:39","modified_gmt":"2025-01-31T15:28:39","slug":"elliptique-e5","status":"publish","type":"product","link":"https:\/\/kinequip.ca\/?product=elliptique-e5","title":{"rendered":"Elliptique E5"},"content":{"rendered":"<p>L&rsquo;elliptique E5 \u00e0 foul\u00e9e r\u00e9glable est une machine d&rsquo;entra\u00eenement \u00e0 domicile polyvalente offrant des entra\u00eenements efficaces de l&rsquo;ensemble du corps. La foul\u00e9e passe de 18 \u00e0 24 pouces sur simple pression d&rsquo;un bouton et les utilisateurs peuvent utiliser les poign\u00e9es Multi-Grip pour travailler diff\u00e9rents groupes musculaires. Le mouvement fluide et naturel de l&rsquo;elliptique E5 s&rsquo;appuie sur des ann\u00e9es de recherche en biom\u00e9canique.<\/p>\n","protected":false},"excerpt":{"rendered":"<p>L&rsquo;elliptique E5 \u00e0 foul\u00e9e r\u00e9glable est une machine d&rsquo;entra\u00eenement \u00e0 domicile polyvalente offrant des entra\u00eenements efficaces de l&rsquo;ensemble du corps. La foul\u00e9e passe de 18 \u00e0 24 pouces sur simple pression d&rsquo;un bouton et les utilisateurs peuvent utiliser les poign\u00e9es Multi-Grip pour travailler diff\u00e9rents groupes musculaires. Le mouvement fluide et naturel de l&rsquo;elliptique E5 s&rsquo;appuie sur des ann\u00e9es de recherche en biom\u00e9canique.<\/p>\n","protected":false},"featured_media":266,"comment_status":"open","ping_status":"closed","template":"","meta":[],"product_brand":[],"product_cat":[29],"product_tag":[],"class_list":{"0":"post-236","1":"product","2":"type-product","3":"status-publish","4":"has-post-thumbnail","6":"product_cat-elliptiques","8":"first","9":"instock","10":"shipping-taxable","11":"purchasable","12":"product-type-simple"},"_links":{"self":[{"href":"https:\/\/kinequip.ca\/index.php?rest_route=\/wp\/v2\/product\/236","targetHints":{"allow":["GET"]}}],"collection":[{"href":"https:\/\/kinequip.ca\/index.php?rest_route=\/wp\/v2\/product"}],"about":[{"href":"https:\/\/kinequip.ca\/index.php?rest_route=\/wp\/v2\/types\/product"}],"replies":[{"embeddable":true,"href":"https:\/\/kinequip.ca\/index.php?rest_route=%2Fwp%2Fv2%2Fcomments&post=236"}],"wp:featuredmedia":[{"embeddable":true,"href":"https:\/\/kinequip.ca\/index.php?rest_route=\/wp\/v2\/media\/266"}],"wp:attachment":[{"href":"https:\/\/kinequip.ca\/index.php?rest_route=%2Fwp%2Fv2%2Fmedia&parent=236"}],"wp:term":[{"taxonomy":"product_brand","embeddable":true,"href":"https:\/\/kinequip.ca\/index.php?rest_route=%2Fwp%2Fv2%2Fproduct_brand&post=236"},{"taxonomy":"product_cat","embeddable":true,"href":"https:\/\/kinequip.ca\/index.php?rest_route=%2Fwp%2Fv2%2Fproduct_cat&post=236"},{"taxonomy":"product_tag","embeddable":true,"href":"https:\/\/kinequip.ca\/index.php?rest_route=%2Fwp%2Fv2%2Fproduct_tag&post=236"}],"curies":[{"name":"wp","href":"https:\/\/api.w.org\/{rel}","templated":true}]}}