{"id":234,"date":"2025-01-31T15:28:34","date_gmt":"2025-01-31T15:28:34","guid":{"rendered":"https:\/\/dev.kinequip.ca\/?post_type=product&#038;p=234"},"modified":"2025-01-31T15:28:38","modified_gmt":"2025-01-31T15:28:38","slug":"elliptique-e1","status":"publish","type":"product","link":"https:\/\/kinequip.ca\/?product=elliptique-e1","title":{"rendered":"Elliptique E1"},"content":{"rendered":"<p>L&rsquo;elliptique E1 offre un entra\u00eenement de l&rsquo;ensemble du corps \u00e0 faible impact pour les utilisateurs de tous niveaux, \u00e0 leur domicile. Des ann\u00e9es d&rsquo;innovation et de recherche Life Fitness ont permis d&rsquo;obtenir un elliptique attrayant qui associe des mouvements fluides et naturels \u00e0 une durabilit\u00e9 exceptionnelle et \u00e0 un fonctionnement extr\u00eamement silencieux.<\/p>\n","protected":false},"excerpt":{"rendered":"<p>L&rsquo;elliptique E1 offre un entra\u00eenement de l&rsquo;ensemble du corps \u00e0 faible impact pour les utilisateurs de tous niveaux, \u00e0 leur domicile. Des ann\u00e9es d&rsquo;innovation et de recherche Life Fitness ont permis d&rsquo;obtenir un elliptique attrayant qui associe des mouvements fluides et naturels \u00e0 une durabilit\u00e9 exceptionnelle et \u00e0 un fonctionnement extr\u00eamement silencieux.<\/p>\n","protected":false},"featured_media":264,"comment_status":"open","ping_status":"closed","template":"","meta":[],"product_brand":[],"product_cat":[29],"product_tag":[],"class_list":{"0":"post-234","1":"product","2":"type-product","3":"status-publish","4":"has-post-thumbnail","6":"product_cat-elliptiques","8":"first","9":"instock","10":"shipping-taxable","11":"purchasable","12":"product-type-simple"},"_links":{"self":[{"href":"https:\/\/kinequip.ca\/index.php?rest_route=\/wp\/v2\/product\/234","targetHints":{"allow":["GET"]}}],"collection":[{"href":"https:\/\/kinequip.ca\/index.php?rest_route=\/wp\/v2\/product"}],"about":[{"href":"https:\/\/kinequip.ca\/index.php?rest_route=\/wp\/v2\/types\/product"}],"replies":[{"embeddable":true,"href":"https:\/\/kinequip.ca\/index.php?rest_route=%2Fwp%2Fv2%2Fcomments&post=234"}],"wp:featuredmedia":[{"embeddable":true,"href":"https:\/\/kinequip.ca\/index.php?rest_route=\/wp\/v2\/media\/264"}],"wp:attachment":[{"href":"https:\/\/kinequip.ca\/index.php?rest_route=%2Fwp%2Fv2%2Fmedia&parent=234"}],"wp:term":[{"taxonomy":"product_brand","embeddable":true,"href":"https:\/\/kinequip.ca\/index.php?rest_route=%2Fwp%2Fv2%2Fproduct_brand&post=234"},{"taxonomy":"product_cat","embeddable":true,"href":"https:\/\/kinequip.ca\/index.php?rest_route=%2Fwp%2Fv2%2Fproduct_cat&post=234"},{"taxonomy":"product_tag","embeddable":true,"href":"https:\/\/kinequip.ca\/index.php?rest_route=%2Fwp%2Fv2%2Fproduct_tag&post=234"}],"curies":[{"name":"wp","href":"https:\/\/api.w.org\/{rel}","templated":true}]}}