{"id":226,"date":"2025-01-31T15:28:33","date_gmt":"2025-01-31T15:28:33","guid":{"rendered":"https:\/\/dev.kinequip.ca\/?post_type=product&#038;p=226"},"modified":"2025-01-31T15:28:37","modified_gmt":"2025-01-31T15:28:37","slug":"tapis-de-course-serie-platinum-club","status":"publish","type":"product","link":"https:\/\/kinequip.ca\/?product=tapis-de-course-serie-platinum-club","title":{"rendered":"Tapis de course S\u00e9rie Platinum Club"},"content":{"rendered":"<div class=\"lf-stamp lf-stamp--tab-text-left-image-right w-row\" data-dojo-props=\"\" data-dojo-type=\"vodori.input.StampDecorator\">\n<h3>TAPIS DE COURSE S\u00c9RIE PLATINUM CLUB<\/h3>\n<p>Les kilom\u00e8tres d\u00e9filent plus vite avec un bon compagnon de marche ou de course. Une connexion Internet, la t\u00e9l\u00e9vision ou une application de fitness ludique viennent enrichir ce tapis de course \u00e0 domicile pour profiter d&rsquo;une offre am\u00e9lior\u00e9e de divertissements.<\/p>\n<h2><\/h2>\n<h2 class=\"w-col w-col-4\">LE PARTENAIRE DE COURSE ID\u00c9AL<\/h2>\n<div class=\"w-col w-col-8\">\n<p>Le tapis de course S\u00e9rie Club Platine fournit une exp\u00e9rience fitness am\u00e9lior\u00e9e, avec un divertissement motivant. L&rsquo;\u00e9cran LCD tactile int\u00e9gr\u00e9 propose notamment une interaction am\u00e9lior\u00e9e, une connectivit\u00e9 Internet et bien plus encore. Le tapis de course S\u00e9rie Club Platine est un \u00e9quipement d&rsquo;entra\u00eenement pour la maison qui offre une technologie et des performances dignes d&rsquo;un club. Gr\u00e2ce \u00e0 ses quatre choix de couleurs, il s&rsquo;adaptera \u00e0 tous les int\u00e9rieurs.<\/p>\n<\/div>\n<\/div>\n<div class=\"w-col w-col-8\"><\/div>\n<div class=\"lf-stamp lf-stamp--tab-text-left-image-right w-row\" data-dojo-props=\"\" data-dojo-type=\"vodori.input.StampDecorator\">\n<div class=\"w-col w-col-8\">\n<h2>CARACT\u00c9RISTIQUES CL\u00c9S<\/h2>\n<p><strong>SYST\u00c8ME D&rsquo;ABSORPTION DES CHOCS FLEXDECK &#8211;<\/strong>\u00a0Le syst\u00e8me d&rsquo;absorption des chocs FlexDeck am\u00e9liore le confort et r\u00e9duit les tensions au niveau des genoux et articulations jusqu&rsquo;\u00e0 30\u00a0%.<\/p>\n<p><strong>MOTEUR PUISSANT &#8211;<\/strong>\u00a0Le moteur 4\u00a0chevaux (pic 8\u00a0chevaux) poss\u00e8de un niveau de d\u00e9cibels faible pour un fonctionnement silencieux.<\/p>\n<p><strong>SURVEILLANCE DU RYTHME CARDIAQUE<\/strong>\u00a0&#8211;\u00a0Polar Telmetry (via une ceinture de poitrine non fournie avec l\u2019appareil). Moniteur num\u00e9rique de rythme cardiaque Lifepulse avec DSP (Digital Signal Processing)<\/p>\n<p><strong>D\u00c9MARRAGE RAPIDE<\/strong>\u00a0&#8211;\u00a0Garde en m\u00e9moire vos vitesses de marche, de footing et de course pr\u00e9f\u00e9r\u00e9es, de m\u00eame que trois positions d&rsquo;inclinaison diff\u00e9rentes<\/p>\n<\/div>\n<\/div>\n","protected":false},"excerpt":{"rendered":"<div class=\"drawer-trigger\">\n<div class=\"drawer-trigger--toggle\">Console Discover SE3 HD<\/div>\n<\/div>\n<div id=\"edit-attributes-field-console-options\" class=\"form-radios drawer drawer__detailed\">\n<div class=\"form-item form-type-radio form-item-attributes-field-console-options addLearnMoreLink-processed\">\n<div class=\"description\">\n<div class=\"description-selected\">\n<div class=\"field field-name-field-console-image field-type-image field-label-hidden\">\n<div class=\"field-items\">\n<div class=\"field-item even\"><img decoding=\"async\" src=\"https:\/\/lifefitnessemea.com\/sites\/g\/files\/dtv716\/f\/styles\/thumbnail\/public\/DiscoverSE3-HD-tread-console-front-view-apple-100x100.png?itok=zzMQ2Snf\" alt=\"\" width=\"100\" height=\"100\" \/><\/div>\n<\/div>\n<\/div>\n<div class=\"field field-name-description-field field-type-text-with-summary field-label-hidden\">\n<div class=\"field-items\">\n<div class=\"field-item even\">\n<p>Comprend un \u00e9cran tactile haute d\u00e9finition (1\u00a0080\u00a0p.) Cette console offre des fonctionnalit\u00e9s attrayantes telles que des applications de divertissement, la possibilit\u00e9 de naviguer sur Internet, de regarder la TV, de suivre des cours interactifs et plus encore.<\/p>\n<h4>UN ENGAGEMENT DE QUALIT\u00c9 AUPR\u00c8S DES CENTRES DE REMISE EN FORME<\/h4>\n<p>Gr\u00e2ce aux \u00e9crans haut de gamme de nos consoles, qui int\u00e8grent la fonction Bluetooth, vous associez engagement, motivation et divertissement. La console avec divertissement renforc\u00e9 Discover SE3HD est dot\u00e9e d&rsquo;une \u00e9cran tactile permettant de regarder la t\u00e9l\u00e9vision, de naviguer sur Internet, d&rsquo;acc\u00e9der \u00e0 des applications de fitness populaires et aux cours interactifs Lifescape.<\/p>\n<p>&nbsp;<\/p>\n<\/div>\n<\/div>\n<\/div>\n<\/div>\n<\/div>\n<\/div>\n<\/div>\n<p><a href=\"http:\/\/kinequip.ca\/wp-content\/uploads\/2019\/09\/PCSTreadmill-Consumer-SellSheet-ISBU-French.pdf\">Fiche Technique PDF<\/a><a href=\"http:\/\/kinequip.ca\/wp-content\/uploads\/2019\/09\/16px-PDF_file_icon.svg_.png\"><img decoding=\"async\" class=\"alignnone wp-image-5490 size-full\" src=\"http:\/\/kinequip.ca\/wp-content\/uploads\/2019\/09\/16px-PDF_file_icon.svg_.png\" alt=\"\" width=\"16\" height=\"20\" \/><\/a><\/p>\n<p>&nbsp;<\/p>\n<p>&nbsp;<\/p>\n","protected":false},"featured_media":256,"comment_status":"open","ping_status":"closed","template":"","meta":[],"product_brand":[],"product_cat":[27,26,28],"product_tag":[],"class_list":{"0":"post-226","1":"product","2":"type-product","3":"status-publish","4":"has-post-thumbnail","6":"product_cat-cardio","7":"product_cat-equipements-pour-residentiel","8":"product_cat-tapis-de-course","10":"first","11":"instock","12":"shipping-taxable","13":"purchasable","14":"product-type-simple"},"_links":{"self":[{"href":"https:\/\/kinequip.ca\/index.php?rest_route=\/wp\/v2\/product\/226","targetHints":{"allow":["GET"]}}],"collection":[{"href":"https:\/\/kinequip.ca\/index.php?rest_route=\/wp\/v2\/product"}],"about":[{"href":"https:\/\/kinequip.ca\/index.php?rest_route=\/wp\/v2\/types\/product"}],"replies":[{"embeddable":true,"href":"https:\/\/kinequip.ca\/index.php?rest_route=%2Fwp%2Fv2%2Fcomments&post=226"}],"wp:featuredmedia":[{"embeddable":true,"href":"https:\/\/kinequip.ca\/index.php?rest_route=\/wp\/v2\/media\/256"}],"wp:attachment":[{"href":"https:\/\/kinequip.ca\/index.php?rest_route=%2Fwp%2Fv2%2Fmedia&parent=226"}],"wp:term":[{"taxonomy":"product_brand","embeddable":true,"href":"https:\/\/kinequip.ca\/index.php?rest_route=%2Fwp%2Fv2%2Fproduct_brand&post=226"},{"taxonomy":"product_cat","embeddable":true,"href":"https:\/\/kinequip.ca\/index.php?rest_route=%2Fwp%2Fv2%2Fproduct_cat&post=226"},{"taxonomy":"product_tag","embeddable":true,"href":"https:\/\/kinequip.ca\/index.php?rest_route=%2Fwp%2Fv2%2Fproduct_tag&post=226"}],"curies":[{"name":"wp","href":"https:\/\/api.w.org\/{rel}","templated":true}]}}